{"id":109,"date":"2011-12-01T15:13:38","date_gmt":"2011-12-01T15:13:38","guid":{"rendered":"http:\/\/www.math.u-bordeaux.fr\/~nazaret\/?page_id=109"},"modified":"2019-07-11T12:58:30","modified_gmt":"2019-07-11T12:58:30","slug":"enstbb","status":"publish","type":"page","link":"https:\/\/christine-nazaret.perso.math.cnrs.fr\/?page_id=109","title":{"rendered":"ENSTBB"},"content":{"rendered":"<p style=\"text-align: justify;\">J&rsquo;enseigne les outils math\u00e9matiques aux \u00e9tudiants de l&rsquo;ENSTBB en vue de leur utilisation dans des probl\u00e8mes concrets rencontr\u00e9s en biotechnologie: g\u00e9nie des proc\u00e9d\u00e9s, enzymologie, r\u00e9gulation du m\u00e9tabolisme, microbiologie, rh\u00e9ologie et optique&#8230; Cela passe par la mod\u00e9lisation de ph\u00e9nom\u00e8nes biologiques via des \u00e9quations math\u00e9matiques puis par l&rsquo;\u00e9tude math\u00e9matique de celles-ci.<\/p>\n<p style=\"text-align: justify;\">Une premi\u00e8re partie du cours concerne l&rsquo;\u00e9tude du m\u00e9tabolisme et utilise des outils du calcul matriciel et d&rsquo;optimisation sous contraintes. Ensuite, on s&rsquo;int\u00e9resse aux int\u00e9grales multiples en vue du calcul de surface ou de volume puis \u00e0 la transformation de Fourier et de Laplace (outils utilis\u00e9s en optique et en rh\u00e9ologie). Une partie est d\u00e9di\u00e9e au \u00ab\u00a0curve-fitting\u00a0\u00bb, par la m\u00e9thode des moindres carr\u00e9es (optimisation). Puis on aborde la mod\u00e9lisation par syst\u00e8mes d&rsquo;\u00e9quations diff\u00e9rentielles (en microbiologie par exemple) et l&rsquo;\u00e9tude math\u00e9matique des mod\u00e8les (<a href=\"https:\/\/www.youtube.com\/playlist?list=PLBaYa_okuTthydljM6pODaUt9G2HyopgI\">voir videos de cours sur youtube<\/a>)<\/p>\n<h2 style=\"text-align: justify;\">A <a href=\"http:\/\/www.enstbb.ipb.fr\/\" target=\"_blank\"> l\u2019E.N.S.T.B.B.<\/a> (Ecole d&rsquo;ing\u00e9nieurs en biotechnologie)<\/h2>\n<ul>\n<li style=\"text-align: justify;\">\n<h3>Programme de la mise \u00e0 niveau : rappel de notions de base en analyse et en alg\u00e8bre (<a href=\"http:\/\/www.math.u-bordeaux.fr\/~nazaret\/wp-content\/uploads\/2019\/07\/poly_pre_rentree_outils.pdf\">Outils math\u00e9matiques<\/a>). T\u00e9l\u00e9charger les <a href=\"http:\/\/www.math.u-bordeaux.fr\/~nazaret\/wp-content\/uploads\/2019\/07\/poly_pre_rentree.pdf\" target=\"_blank\">EXERCICES. <\/a>Quelques compl\u00e9ments (<a href=\"http:\/\/www.math.u-bordeaux.fr\/~nazaret\/wp-content\/uploads\/2011\/11\/fonctions-usuelles.pdf\">fonctions usuelles<\/a>, <a href=\"http:\/\/www.math.u-bordeaux.fr\/%7Enazaret\/wp-content\/uploads\/2011\/11\/Etude-de-fonction-d%E2%80%99une-variable-r%C3%A9elle.pdf\">\u00e9tude des fonctions<\/a>, <a href=\"http:\/\/www.math.u-bordeaux.fr\/%7Enazaret\/wp-content\/uploads\/2011\/11\/limite.pdf\">limites<\/a>, <a href=\"http:\/\/www.math.u-bordeaux.fr\/%7Enazaret\/wp-content\/uploads\/2011\/11\/equadif1.pdf\">\u00e9quations diff\u00e9rentielles<\/a>,<a href=\"http:\/\/www.math.u-bordeaux.fr\/~nazaret\/wp-content\/uploads\/2016\/09\/Les-nombres-complexes.pdf\">COMPLEXES<\/a>, <a href=\"http:\/\/www.math.u-bordeaux.fr\/~nazaret\/wp-content\/uploads\/2016\/09\/CalculMatrice.pdf\" target=\"_blank\">MATRICES,<\/a> <a href=\"http:\/\/www.math.u-bordeaux.fr\/~nazaret\/wp-content\/uploads\/2015\/09\/inverse.pdf\" target=\"_blank\">INVERSE MATRICE<\/a>).<\/h3>\n<\/li>\n<\/ul>\n<ul>\n<li style=\"text-align: justify;\">\n<h3>Programme 1\u00e8re ann\u00e9e : <a href=\"http:\/\/www.math.u-bordeaux.fr\/~nazaret\/wp-content\/uploads\/2015\/09\/rentr\u00e9e151.pdf\">rentr\u00e9e<\/a>, <a href=\"http:\/\/www.math.u-bordeaux.fr\/~nazaret\/wp-content\/uploads\/2015\/09\/test_rentr\u00e9e.pdf\">TEST<\/a>, <a href=\"http:\/\/www.math.u-bordeaux.fr\/~nazaret\/wp-content\/uploads\/2015\/09\/optimisation1D.pdf\" target=\"_blank\">Optimisation1D<\/a>, int\u00e9grales simples et g\u00e9n\u00e9ralis\u00e9es, <a href=\"http:\/\/www.math.u-bordeaux.fr\/~nazaret\/wp-content\/uploads\/2015\/01\/fonctions_Rn.pdf\">fonctions de plusieurs variables<\/a>, <a href=\"http:\/\/www.math.u-bordeaux.fr\/~nazaret\/wp-content\/uploads\/2015\/01\/intro_optimisation.rar\">Optimisation<\/a>, formes diff\u00e9rentielles, calcul matriciel, diagonalisation, transformation de Fourier, int\u00e9grales multiples. T\u00e9l\u00e9charger le <a href=\"http:\/\/www.math.u-bordeaux.fr\/~nazaret\/wp-content\/uploads\/2016\/09\/poly_1a.pdf\" target=\"_blank\">COURS<\/a> ou les <a href=\"http:\/\/www.math.u-bordeaux.fr\/~nazaret\/wp-content\/uploads\/2015\/01\/poly_exo_1a.pdf\" target=\"_blank\">EXERCICES<\/a>.<\/h3>\n<\/li>\n<li>\n<h3 style=\"text-align: justify;\">Programme 2\u00e8me ann\u00e9e : Transformation de Laplace, <a href=\"http:\/\/www.math.u-bordeaux.fr\/~nazaret\/wp-content\/uploads\/2015\/01\/fitting.pdf\" target=\"_blank\">Ajustement des param\u00e8tres d&rsquo;un mod\u00e8le \u00e0 des donn\u00e9es exp\u00e9rimentales<\/a>, Mod\u00e9lisation par Equations diff\u00e9rentielles Ordinaires (<a href=\"http:\/\/www.math.u-bordeaux.fr\/~nazaret\/wp-content\/uploads\/2015\/01\/mod\u00e9lisation.pdf\">MODELE<\/a>,<a href=\"http:\/\/www.math.u-bordeaux.fr\/~nazaret\/wp-content\/uploads\/2015\/01\/mod\u00e9lisation_EDO.pdf\">ED<\/a>,<a href=\"http:\/\/www.math.u-bordeaux.fr\/~nazaret\/wp-content\/uploads\/2015\/01\/mod\u00e9lisation_SD.pdf\">SD<\/a>) de ph\u00e9nom\u00e8nes biologiques, simulation des EDO. T\u00e9l\u00e9charger le <a href=\"http:\/\/www.math.u-bordeaux.fr\/~nazaret\/wp-content\/uploads\/2016\/09\/poly_2a1.pdf\" target=\"_blank\">COURS <\/a>ou les <a href=\"http:\/\/www.math.u-bordeaux.fr\/~nazaret\/wp-content\/uploads\/2015\/01\/poly_exo_2a.pdf\" target=\"_blank\"> exercices<\/a>, <a href=\"http:\/\/www.math.u-bordeaux.fr\/~nazaret\/wp-content\/uploads\/2017\/03\/Projet_BioProc\u00e9d\u00e9s2017.pdf\">PROJET BIOPROC\u00e9D\u00e9S<\/a>.<\/h3>\n<\/li>\n<\/ul>\n","protected":false},"excerpt":{"rendered":"<p>J&rsquo;enseigne les outils math\u00e9matiques aux \u00e9tudiants de l&rsquo;ENSTBB en vue de leur utilisation dans des probl\u00e8mes concrets rencontr\u00e9s en biotechnologie: g\u00e9nie des proc\u00e9d\u00e9s, enzymologie, r\u00e9gulation du m\u00e9tabolisme, microbiologie, rh\u00e9ologie et optique&#8230; Cela passe par la mod\u00e9lisation de ph\u00e9nom\u00e8nes biologiques via &hellip; <a href=\"https:\/\/christine-nazaret.perso.math.cnrs.fr\/?page_id=109\">Continuer la lecture <span class=\"meta-nav\">&rarr;<\/span><\/a><\/p>\n","protected":false},"author":1,"featured_media":0,"parent":11,"menu_order":0,"comment_status":"closed","ping_status":"closed","template":"","meta":{"footnotes":""},"_links":{"self":[{"href":"https:\/\/christine-nazaret.perso.math.cnrs.fr\/index.php?rest_route=\/wp\/v2\/pages\/109"}],"collection":[{"href":"https:\/\/christine-nazaret.perso.math.cnrs.fr\/index.php?rest_route=\/wp\/v2\/pages"}],"about":[{"href":"https:\/\/christine-nazaret.perso.math.cnrs.fr\/index.php?rest_route=\/wp\/v2\/types\/page"}],"author":[{"embeddable":true,"href":"https:\/\/christine-nazaret.perso.math.cnrs.fr\/index.php?rest_route=\/wp\/v2\/users\/1"}],"replies":[{"embeddable":true,"href":"https:\/\/christine-nazaret.perso.math.cnrs.fr\/index.php?rest_route=%2Fwp%2Fv2%2Fcomments&post=109"}],"version-history":[{"count":42,"href":"https:\/\/christine-nazaret.perso.math.cnrs.fr\/index.php?rest_route=\/wp\/v2\/pages\/109\/revisions"}],"predecessor-version":[{"id":289,"href":"https:\/\/christine-nazaret.perso.math.cnrs.fr\/index.php?rest_route=\/wp\/v2\/pages\/109\/revisions\/289"}],"up":[{"embeddable":true,"href":"https:\/\/christine-nazaret.perso.math.cnrs.fr\/index.php?rest_route=\/wp\/v2\/pages\/11"}],"wp:attachment":[{"href":"https:\/\/christine-nazaret.perso.math.cnrs.fr\/index.php?rest_route=%2Fwp%2Fv2%2Fmedia&parent=109"}],"curies":[{"name":"wp","href":"https:\/\/api.w.org\/{rel}","templated":true}]}}